{"id":1437,"date":"2023-12-13T23:45:46","date_gmt":"2023-12-13T23:45:46","guid":{"rendered":"https:\/\/casadeoracionhouston.com\/?page_id=1437"},"modified":"2026-04-07T19:35:07","modified_gmt":"2026-04-07T19:35:07","slug":"decisiones-que-marcan-mi-futuro","status":"publish","type":"page","link":"https:\/\/casadeoracionhouston.com\/index.php\/decisiones-que-marcan-mi-futuro\/","title":{"rendered":"Decisiones que marcan mi futuro"},"content":{"rendered":"<div class=\"brz-root__container brz-reset-all brz brz-root__container-page\">\n<section id=\"_hpFzsyJEAOHU\" class=\"brz-section brz-css-1smrauw brz-css-1qg2ray\">\n<div class=\"brz-section__content brz-section--boxed brz-css-dtfypu brz-css-179l0d8\" data-brz-custom-id=\"j8HgyK51OYmJ\">\n<div class=\"brz-container brz-css-u8chxi\">\n<div class=\"brz-row__container brz-css-qvbl84\" data-brz-custom-id=\"cz6gbtsmQH4y\">\n<div class=\"brz-bg\"><\/div>\n<div class=\"brz-row brz-css-14i5rtv brz-css-1yply27\">\n<div class=\"brz-columns brz-css-u4j689 brz-css-wxr9tt\" data-brz-custom-id=\"ql25am6z3rEk\">\n<div class=\"brz-bg\"><\/div>\n<div class=\"brz-column__items brz-css-1qd2q7l brz-css-ewd4np\">\n<div id=\"\" class=\"brz-css-ztrhz0 brz-css-jwl3gm brz-wrapper\">\n<div class=\"brz-image brz-css-n879jj\" data-brz-custom-id=\"bH5AusKIGnsw\"><img data-recalc-dims=\"1\" decoding=\"async\" class=\"brz-img\" src=\"https:\/\/i0.wp.com\/casadeoracionhouston.com\/wp-content\/uploads\/2023\/11\/Transparent-Logo-Black.png?w=800&#038;ssl=1\" alt=\"\" loading=\"lazy\"><\/div>\n<\/div>\n<\/div>\n<\/div>\n<div class=\"brz-columns brz-css-u4j689 brz-css-aysfyd\" data-brz-custom-id=\"ba3J_8xkGCaj\">\n<div class=\"brz-bg\">\n<div class=\"brz-bg-color\"><\/div>\n<\/div>\n<div class=\"brz-column__items brz-css-1qd2q7l brz-css-7zy2fu\">\n<div class=\"brz-wrapper-clone brz-css-mpian9 brz-css-1nt2mfa\">\n<div class=\"brz-d-xs-flex brz-flex-xs-wrap brz-css-6gv8dh brz-css-1uyw9bl\" data-brz-custom-id=\"\">\n<div class=\"brz-wrapper-clone__item\" id=\"n3mD5s46ZeaR\"><a class=\"brz-a brz-anchor brz-btn brz-css-2y78qu brz-css-ngirsl brz-css-6jb6ey brz-css-1qv0r4v\" href=\"#_\" target=\"_self\" rel=\"noopener\" data-brz-link-type=\"anchor\" data-brz-custom-id=\"n3mD5s46ZeaR\"><span data-brz-translate-text=\"1\" class=\"brz-span brz-text__editor\"><\/span><\/a><\/div>\n<div class=\"brz-wrapper-clone__item\" id=\"cNQNw0jnKreh\"><a class=\"brz-a brz-btn brz-css-2y78qu brz-css-1m7bdao brz-css-6jb6ey brz-css-810v3n\" href=\"https:\/\/casadeoracionhouston.com\/\" target=\"_self\" rel=\"noopener\" data-brz-link-type=\"external\" data-brz-custom-id=\"cNQNw0jnKreh\"><span data-brz-translate-text=\"1\" class=\"brz-span brz-text__editor\">Home<\/span><\/a><\/div>\n<div class=\"brz-wrapper-clone__item\" id=\"a3ZkP6wd8f9e\"><a class=\"brz-a brz-btn brz-css-2y78qu brz-css-nn15ja brz-css-6jb6ey brz-css-8ikr9t\" href=\"https:\/\/casadeoracionhouston.com\/index.php\/declaracion-de-fe\/\" target=\"_self\" rel=\"noopener\" data-brz-link-type=\"external\" data-brz-custom-id=\"a3ZkP6wd8f9e\"><span data-brz-translate-text=\"1\" class=\"brz-span brz-text__editor\">Declaraci\u00f3n de Fe<br \/>\n<\/span><\/a><\/div>\n<div class=\"brz-wrapper-clone__item\" id=\"x7RHyCcOSAud\"><a class=\"brz-a brz-btn brz-css-2y78qu brz-css-1qw30h0 brz-css-6jb6ey brz-css-110mc37\" href=\"https:\/\/casadeoracionhouston.com\/index.php\/series-completa\/\" target=\"_self\" rel=\"noopener\" data-brz-link-type=\"external\" data-brz-custom-id=\"x7RHyCcOSAud\"><span data-brz-translate-text=\"1\" class=\"brz-span brz-text__editor\">Series<\/span><\/a><\/div>\n<div class=\"brz-wrapper-clone__item\" id=\"kk0ZDAtH7dla\"><a class=\"brz-a brz-btn brz-css-2y78qu brz-css-12hq15j brz-css-6jb6ey brz-css-u1h4xm\" href=\"https:\/\/casadeoracionhouston.com\/index.php\/series-en-audio\/\" target=\"_self\" rel=\"noopener\" data-brz-link-type=\"external\" data-brz-custom-id=\"kk0ZDAtH7dla\"><span data-brz-translate-text=\"1\" class=\"brz-span brz-text__editor\">Series en Audio<\/span><\/a><\/div>\n<div class=\"brz-wrapper-clone__item\" id=\"j_Sob_4lssku\"><a class=\"brz-a brz-btn brz-css-2y78qu brz-css-3odp2y brz-css-6jb6ey brz-css-4yfgxy\" href=\"https:\/\/casadeoracionhouston.com\/index.php\/contacto\/\" target=\"_self\" rel=\"noopener\" data-brz-link-type=\"external\" data-brz-custom-id=\"j_Sob_4lssku\"><span data-brz-translate-text=\"1\" class=\"brz-span brz-text__editor\">Contacto<\/span><\/a><\/div>\n<div class=\"brz-wrapper-clone__item\" id=\"fhLnhqvBfuW_\"><a class=\"brz-a brz-btn brz-css-2y78qu brz-css-ue6kta brz-css-6jb6ey brz-css-xnvrw8\" href=\"https:\/\/docs.google.com\/forms\/d\/e\/1FAIpQLSfuZf2lBFYOMT2oXWV5O12I_-M9YZXBWiHxJqMKzABX4j9lTQ\/viewform\" target=\"_blank\" rel=\"noopener\" data-brz-link-type=\"external\" data-brz-custom-id=\"fhLnhqvBfuW_\"><span data-brz-translate-text=\"1\" class=\"brz-span brz-text__editor\">Ser miembro<\/span><\/a><\/div>\n<\/div>\n<\/div>\n<\/div>\n<\/div>\n<\/div>\n<\/div>\n<\/div>\n<\/div>\n<\/section>\n<section id=\"_idefQ_bhya5x\" class=\"brz-section brz-css-1smrauw\">\n<div class=\"brz-section__content brz-section--boxed brz-css-dtfypu\" data-brz-custom-id=\"zGn4auBa7Pz3\">\n<div class=\"brz-container brz-css-u8chxi\">\n<div id=\"\" class=\"brz-css-ztrhz0 brz-wrapper\">\n<div class=\"brz-wp-shortcode brz-css-1bh4wgx\" data-brz-custom-id=\"skVryUwCX6o4\">\n<div>\t\t\t<div \n\t\t\tclass=\"yotu-playlist yotuwp yotu-limit-min yotu-limit-max   yotu-thumb-169  yotu-template-list\" \n\t\t\tdata-page=\"1\"\n\t\t\tid=\"yotuwp-69e2474370d71\"\n\t\t\tdata-yotu=\"69e24743ad5ee\"\n\t\t\tdata-total=\"1\"\n\t\t\tdata-settings=\"eyJ0eXBlIjoicGxheWxpc3QiLCJpZCI6IlBMM2hLcktrMlpJcW9UUEFhcURDSWNPU0Nha2I1YTQ4d0QiLCJwYWdpbmF0aW9uIjoib24iLCJwYWdpdHlwZSI6InBhZ2VyIiwiY29sdW1uIjoiNiIsInBlcl9wYWdlIjoiNTAiLCJ0ZW1wbGF0ZSI6Imxpc3QiLCJ0aXRsZSI6Im9uIiwiZGVzY3JpcHRpb24iOiJvZmYiLCJ0aHVtYnJhdGlvIjoiMTY5IiwibWV0YSI6Im9mZiIsIm1ldGFfZGF0YSI6Im9mZiIsIm1ldGFfcG9zaXRpb24iOiJvZmYiLCJkYXRlX2Zvcm1hdCI6Im9mZiIsIm1ldGFfYWxpZ24iOiJvZmYiLCJzdWJzY3JpYmUiOiJvZmYiLCJkdXJhdGlvbiI6Im9mZiIsIm1ldGFfaWNvbiI6Im9mZiIsIm5leHR0ZXh0IjoiIiwicHJldnRleHQiOiIiLCJsb2FkbW9yZXRleHQiOiIiLCJwbGF5ZXIiOnsibW9kZSI6ImxhcmdlIiwid2lkdGgiOiI2MDAiLCJzY3JvbGxpbmciOiIxMDAiLCJhdXRvcGxheSI6MSwiY29udHJvbHMiOjEsIm1vZGVzdGJyYW5kaW5nIjoxLCJsb29wIjowLCJhdXRvbmV4dCI6MCwic2hvd2luZm8iOjEsInJlbCI6MSwicGxheWluZyI6MCwicGxheWluZ19kZXNjcmlwdGlvbiI6MCwidGh1bWJuYWlscyI6MCwiY2NfbG9hZF9wb2xpY3kiOiIxIiwiY2NfbGFuZ19wcmVmIjoiMSIsImhsIjoiIiwiaXZfbG9hZF9wb2xpY3kiOiIxIiwiYW1wO2F1dG9uZXh0IjoxfSwibGFzdF90YWIiOiJhcGkiLCJ1c2VfYXNfbW9kYWwiOiJvZmYiLCJtb2RhbF9pZCI6Im9mZiIsImxhc3RfdXBkYXRlIjoiMTcwMDU4OTkxMiIsInN0eWxpbmciOnsicGFnZXJfbGF5b3V0IjoiZGVmYXVsdCIsImJ1dHRvbiI6IjEiLCJidXR0b25fY29sb3IiOiIiLCJidXR0b25fYmdfY29sb3IiOiIiLCJidXR0b25fY29sb3JfaG92ZXIiOiIiLCJidXR0b25fYmdfY29sb3JfaG92ZXIiOiIiLCJ2aWRlb19zdHlsZSI6IiIsInBsYXlpY29uX2NvbG9yIjoiIiwiaG92ZXJfaWNvbiI6IiIsImdhbGxlcnlfYmciOiIifSwiZWZmZWN0cyI6eyJ2aWRlb19ib3giOiIiLCJmbGlwX2VmZmVjdCI6IiJ9LCJnYWxsZXJ5X2lkIjoiNjllMjQ3NDM3MGQ3MSIsIm5leHQiOiIiLCJwcmV2IjoiIn0=\"\n\t\t\tdata-player=\"large\"\n\t\t\tdata-showdesc=\"off\" >\n\t\t\t\t<div>\n\t\t\t\t\t\t\t\t\t\t<div class=\"yotu-wrapper-player\" style=\"width:600px\">\n\t\t\t\t\t\t\t\t\t\t\t\t<div class=\"yotu-player\">\n\t\t\t\t\t\t\t<div class=\"yotu-video-placeholder\" id=\"yotu-player-69e24743ad5ee\"><\/div>\n\t\t\t\t\t\t<\/div>\n\t\t\t\t\t\t<div class=\"yotu-playing-status\"><\/div>\n\t\t\t\t\t\t\t\t\t\t\t<\/div>\n\n\t\t\t\t\t<div class=\"yotu-pagination yotu-hide yotu-pager_layout-default yotu-pagination-top\">\n<a href=\"#\" class=\"yotu-pagination-prev yotu-button-prs yotu-button-prs-1\" data-page=\"prev\">Prev<\/a>\n<span class=\"yotu-pagination-current\">1<\/span> <span>of<\/span> <span class=\"yotu-pagination-total\">1<\/span>\n<a href=\"#\" class=\"yotu-pagination-next yotu-button-prs yotu-button-prs-1\" data-page=\"next\">Next<\/a>\n<\/div>\n<div class=\"yotu-videos yotu-mode-list yotu-column-6 yotu-player-mode-large\">\n\t<ul>\n\t\t\t\t\t<li class=\" yotu-first\">\n\t\t\t\t\t\t\t\t<a href=\"#qBTlItQSq6E\" class=\"yotu-video\" data-videoid=\"qBTlItQSq6E\" data-title=\"01 | Juan Luna | Una decisi\u00f3n de vida o muerte | Reuni\u00f3n para j\u00f3venes | 01\/08\/2022\">\n\t\t\t\t\t<div class=\"yotu-video-thumb-wrp\">\n\t\t\t\t\t\t<div>\n\t\t\t\t\t\t\t\t\t\t\t\t\t\t<img data-recalc-dims=\"1\" decoding=\"async\" class=\"yotu-video-thumb\" src=\"https:\/\/i0.wp.com\/i.ytimg.com\/vi\/qBTlItQSq6E\/sddefault.jpg?w=800&#038;ssl=1\" alt=\"01 | Juan Luna | Una decisi\u00f3n de vida o muerte | Reuni\u00f3n para j\u00f3venes | 01\/08\/2022\" \/>\n\t\t\t\t\t\t\t\t\t\t\t\t\t<\/div>\n\t\t\t\t\t<\/div>\n\t\t\t\t\t\t\t\t\t\t\t<h3 class=\"yotu-video-title\">01 | Juan Luna | Una decisi\u00f3n de vida o muerte | Reuni\u00f3n para j\u00f3venes | 01\/08\/2022<\/h3>\n\t\t\t\t\t\t\t\t\t\t\t\t\t\t\t\t\t\t\t<\/a>\n\t\t\t\t\t\t\t<\/li>\n\t\t\t\t\n\t\t\t\t\t\t<li class=\"\">\n\t\t\t\t\t\t\t\t<a href=\"#o1dwxraJDmk\" class=\"yotu-video\" data-videoid=\"o1dwxraJDmk\" data-title=\"02 | Juan Luna | La decisi\u00f3n de no contaminarse | Reuni\u00f3n para j\u00f3venes 02\/05\/22\">\n\t\t\t\t\t<div class=\"yotu-video-thumb-wrp\">\n\t\t\t\t\t\t<div>\n\t\t\t\t\t\t\t\t\t\t\t\t\t\t<img data-recalc-dims=\"1\" decoding=\"async\" class=\"yotu-video-thumb\" src=\"https:\/\/i0.wp.com\/i.ytimg.com\/vi\/o1dwxraJDmk\/sddefault.jpg?w=800&#038;ssl=1\" alt=\"02 | Juan Luna | La decisi\u00f3n de no contaminarse | Reuni\u00f3n para j\u00f3venes 02\/05\/22\" \/>\n\t\t\t\t\t\t\t\t\t\t\t\t\t<\/div>\n\t\t\t\t\t<\/div>\n\t\t\t\t\t\t\t\t\t\t\t<h3 class=\"yotu-video-title\">02 | Juan Luna | La decisi\u00f3n de no contaminarse | Reuni\u00f3n para j\u00f3venes 02\/05\/22<\/h3>\n\t\t\t\t\t\t\t\t\t\t\t\t\t\t\t\t\t\t\t<\/a>\n\t\t\t\t\t\t\t<\/li>\n\t\t\t\t\n\t\t\t\t\t\t<li class=\"\">\n\t\t\t\t\t\t\t\t<a href=\"#xQvMt_I3BVw\" class=\"yotu-video\" data-videoid=\"xQvMt_I3BVw\" data-title=\"03 | Juan Luna | No juegues con fuego | Reuni\u00f3n para j\u00f3venes 03\/05\/22\">\n\t\t\t\t\t<div class=\"yotu-video-thumb-wrp\">\n\t\t\t\t\t\t<div>\n\t\t\t\t\t\t\t\t\t\t\t\t\t\t<img data-recalc-dims=\"1\" decoding=\"async\" class=\"yotu-video-thumb\" src=\"https:\/\/i0.wp.com\/i.ytimg.com\/vi\/xQvMt_I3BVw\/sddefault.jpg?w=800&#038;ssl=1\" alt=\"03 | Juan Luna | No juegues con fuego | Reuni\u00f3n para j\u00f3venes 03\/05\/22\" \/>\n\t\t\t\t\t\t\t\t\t\t\t\t\t<\/div>\n\t\t\t\t\t<\/div>\n\t\t\t\t\t\t\t\t\t\t\t<h3 class=\"yotu-video-title\">03 | Juan Luna | No juegues con fuego | Reuni\u00f3n para j\u00f3venes 03\/05\/22<\/h3>\n\t\t\t\t\t\t\t\t\t\t\t\t\t\t\t\t\t\t\t<\/a>\n\t\t\t\t\t\t\t<\/li>\n\t\t\t\t\n\t\t\t\t\t\t<li class=\"\">\n\t\t\t\t\t\t\t\t<a href=\"#2ThYhYuMCLE\" class=\"yotu-video\" data-videoid=\"2ThYhYuMCLE\" data-title=\"04 | Juan Luna | El perd\u00f3n es una decisi\u00f3n | Reuni\u00f3n para j\u00f3venes | 04\/02\/22\">\n\t\t\t\t\t<div class=\"yotu-video-thumb-wrp\">\n\t\t\t\t\t\t<div>\n\t\t\t\t\t\t\t\t\t\t\t\t\t\t<img data-recalc-dims=\"1\" decoding=\"async\" class=\"yotu-video-thumb\" src=\"https:\/\/i0.wp.com\/i.ytimg.com\/vi\/2ThYhYuMCLE\/sddefault.jpg?w=800&#038;ssl=1\" alt=\"04 | Juan Luna | El perd\u00f3n es una decisi\u00f3n | Reuni\u00f3n para j\u00f3venes | 04\/02\/22\" \/>\n\t\t\t\t\t\t\t\t\t\t\t\t\t<\/div>\n\t\t\t\t\t<\/div>\n\t\t\t\t\t\t\t\t\t\t\t<h3 class=\"yotu-video-title\">04 | Juan Luna | El perd\u00f3n es una decisi\u00f3n | Reuni\u00f3n para j\u00f3venes | 04\/02\/22<\/h3>\n\t\t\t\t\t\t\t\t\t\t\t\t\t\t\t\t\t\t\t<\/a>\n\t\t\t\t\t\t\t<\/li>\n\t\t\t\t\n\t\t\t\t\t\t<li class=\"\">\n\t\t\t\t\t\t\t\t<a href=\"#NCavGZs_DAo\" class=\"yotu-video\" data-videoid=\"NCavGZs_DAo\" data-title=\"Juan Luna | Viendo m\u00e1s all\u00e1 de lo que veo | Reuni\u00f3n para j\u00f3venes | 07\/02\/2022\">\n\t\t\t\t\t<div class=\"yotu-video-thumb-wrp\">\n\t\t\t\t\t\t<div>\n\t\t\t\t\t\t\t\t\t\t\t\t\t\t<img data-recalc-dims=\"1\" decoding=\"async\" class=\"yotu-video-thumb\" src=\"https:\/\/i0.wp.com\/i.ytimg.com\/vi\/NCavGZs_DAo\/sddefault.jpg?w=800&#038;ssl=1\" alt=\"Juan Luna | Viendo m\u00e1s all\u00e1 de lo que veo | Reuni\u00f3n para j\u00f3venes | 07\/02\/2022\" \/>\n\t\t\t\t\t\t\t\t\t\t\t\t\t<\/div>\n\t\t\t\t\t<\/div>\n\t\t\t\t\t\t\t\t\t\t\t<h3 class=\"yotu-video-title\">Juan Luna | Viendo m\u00e1s all\u00e1 de lo que veo | Reuni\u00f3n para j\u00f3venes | 07\/02\/2022<\/h3>\n\t\t\t\t\t\t\t\t\t\t\t\t\t\t\t\t\t\t\t<\/a>\n\t\t\t\t\t\t\t<\/li>\n\t\t\t\t\n\t\t\t\t\t\t<li class=\"\">\n\t\t\t\t\t\t\t\t<a href=\"#dCKo_BXQUVU\" class=\"yotu-video\" data-videoid=\"dCKo_BXQUVU\" data-title=\"Juan Luna | El valor de huir | Reuni\u00f3n para j\u00f3venes | 08\/06\/2022\">\n\t\t\t\t\t<div class=\"yotu-video-thumb-wrp\">\n\t\t\t\t\t\t<div>\n\t\t\t\t\t\t\t\t\t\t\t\t\t\t<img data-recalc-dims=\"1\" decoding=\"async\" class=\"yotu-video-thumb\" src=\"https:\/\/i0.wp.com\/i.ytimg.com\/vi\/dCKo_BXQUVU\/sddefault.jpg?w=800&#038;ssl=1\" alt=\"Juan Luna | El valor de huir | Reuni\u00f3n para j\u00f3venes | 08\/06\/2022\" \/>\n\t\t\t\t\t\t\t\t\t\t\t\t\t<\/div>\n\t\t\t\t\t<\/div>\n\t\t\t\t\t\t\t\t\t\t\t<h3 class=\"yotu-video-title\">Juan Luna | El valor de huir | Reuni\u00f3n para j\u00f3venes | 08\/06\/2022<\/h3>\n\t\t\t\t\t\t\t\t\t\t\t\t\t\t\t\t\t\t\t<\/a>\n\t\t\t\t\t\t\t<\/li>\n\t\t\t\t\n\t\t\t\t\t\t<li class=\"\">\n\t\t\t\t\t\t\t\t<a href=\"#d_QZ5wKGXrQ\" class=\"yotu-video\" data-videoid=\"d_QZ5wKGXrQ\" data-title=\"Juan Luna | Tres enemigos de la obediencia | Reuni\u00f3n para j\u00f3venes | 09\/03\/22\">\n\t\t\t\t\t<div class=\"yotu-video-thumb-wrp\">\n\t\t\t\t\t\t<div>\n\t\t\t\t\t\t\t\t\t\t\t\t\t\t<img data-recalc-dims=\"1\" decoding=\"async\" class=\"yotu-video-thumb\" src=\"https:\/\/i0.wp.com\/i.ytimg.com\/vi\/d_QZ5wKGXrQ\/sddefault.jpg?w=800&#038;ssl=1\" alt=\"Juan Luna | Tres enemigos de la obediencia | Reuni\u00f3n para j\u00f3venes | 09\/03\/22\" \/>\n\t\t\t\t\t\t\t\t\t\t\t\t\t<\/div>\n\t\t\t\t\t<\/div>\n\t\t\t\t\t\t\t\t\t\t\t<h3 class=\"yotu-video-title\">Juan Luna | Tres enemigos de la obediencia | Reuni\u00f3n para j\u00f3venes | 09\/03\/22<\/h3>\n\t\t\t\t\t\t\t\t\t\t\t\t\t\t\t\t\t\t\t<\/a>\n\t\t\t\t\t\t\t<\/li>\n\t\t\t\t\n\t\t\t\t\t\t<li class=\"\">\n\t\t\t\t\t\t\t\t<a href=\"#fI7DAHq8wWs\" class=\"yotu-video\" data-videoid=\"fI7DAHq8wWs\" data-title=\"08 | Adolfo Toscano | Un coraz\u00f3n de servicio | Reuni\u00f3n para j\u00f3venes 10\/01\/2022\">\n\t\t\t\t\t<div class=\"yotu-video-thumb-wrp\">\n\t\t\t\t\t\t<div>\n\t\t\t\t\t\t\t\t\t\t\t\t\t\t<img data-recalc-dims=\"1\" decoding=\"async\" class=\"yotu-video-thumb\" src=\"https:\/\/i0.wp.com\/i.ytimg.com\/vi\/fI7DAHq8wWs\/sddefault.jpg?w=800&#038;ssl=1\" alt=\"08 | Adolfo Toscano | Un coraz\u00f3n de servicio | Reuni\u00f3n para j\u00f3venes 10\/01\/2022\" \/>\n\t\t\t\t\t\t\t\t\t\t\t\t\t<\/div>\n\t\t\t\t\t<\/div>\n\t\t\t\t\t\t\t\t\t\t\t<h3 class=\"yotu-video-title\">08 | Adolfo Toscano | Un coraz\u00f3n de servicio | Reuni\u00f3n para j\u00f3venes 10\/01\/2022<\/h3>\n\t\t\t\t\t\t\t\t\t\t\t\t\t\t\t\t\t\t\t<\/a>\n\t\t\t\t\t\t\t<\/li>\n\t\t\t\t\n\t\t\t\t\t\t<li class=\"\">\n\t\t\t\t\t\t\t\t<a href=\"#X5ZJLuSOSWI\" class=\"yotu-video\" data-videoid=\"X5ZJLuSOSWI\" data-title=\"09 | Juan Luna | Eligiendo amigos | Reuni\u00f3n para j\u00f3venes 11\/05\/2022\">\n\t\t\t\t\t<div class=\"yotu-video-thumb-wrp\">\n\t\t\t\t\t\t<div>\n\t\t\t\t\t\t\t\t\t\t\t\t\t\t<img data-recalc-dims=\"1\" decoding=\"async\" class=\"yotu-video-thumb\" src=\"https:\/\/i0.wp.com\/i.ytimg.com\/vi\/X5ZJLuSOSWI\/sddefault.jpg?w=800&#038;ssl=1\" alt=\"09 | Juan Luna | Eligiendo amigos | Reuni\u00f3n para j\u00f3venes 11\/05\/2022\" \/>\n\t\t\t\t\t\t\t\t\t\t\t\t\t<\/div>\n\t\t\t\t\t<\/div>\n\t\t\t\t\t\t\t\t\t\t\t<h3 class=\"yotu-video-title\">09 | Juan Luna | Eligiendo amigos | Reuni\u00f3n para j\u00f3venes 11\/05\/2022<\/h3>\n\t\t\t\t\t\t\t\t\t\t\t\t\t\t\t\t\t\t\t<\/a>\n\t\t\t\t\t\t\t<\/li>\n\t\t\t\t\n\t\t\t\t\t\t<li class=\"\">\n\t\t\t\t\t\t\t\t<a href=\"#UHmuOIHTga4\" class=\"yotu-video\" data-videoid=\"UHmuOIHTga4\" data-title=\"10 | Juan Luna | Un amor t\u00f3xico | Reuni\u00f3n para j\u00f3venes 12\/03\/2022\">\n\t\t\t\t\t<div class=\"yotu-video-thumb-wrp\">\n\t\t\t\t\t\t<div>\n\t\t\t\t\t\t\t\t\t\t\t\t\t\t<img data-recalc-dims=\"1\" decoding=\"async\" class=\"yotu-video-thumb\" src=\"https:\/\/i0.wp.com\/i.ytimg.com\/vi\/UHmuOIHTga4\/sddefault.jpg?w=800&#038;ssl=1\" alt=\"10 | Juan Luna | Un amor t\u00f3xico | Reuni\u00f3n para j\u00f3venes 12\/03\/2022\" \/>\n\t\t\t\t\t\t\t\t\t\t\t\t\t<\/div>\n\t\t\t\t\t<\/div>\n\t\t\t\t\t\t\t\t\t\t\t<h3 class=\"yotu-video-title\">10 | Juan Luna | Un amor t\u00f3xico | Reuni\u00f3n para j\u00f3venes 12\/03\/2022<\/h3>\n\t\t\t\t\t\t\t\t\t\t\t\t\t\t\t\t\t\t\t<\/a>\n\t\t\t\t\t\t\t<\/li>\n\t\t\t\t\n\t\t\t\t\t\t<li class=\"\">\n\t\t\t\t\t\t\t\t<a href=\"#KrB2jryeFX0\" class=\"yotu-video\" data-videoid=\"KrB2jryeFX0\" data-title=\"11 | Juan Luna | \u00bfA qui\u00e9n serviremos? | Reuni\u00f3n para j\u00f3venes 01\/07\/2023\">\n\t\t\t\t\t<div class=\"yotu-video-thumb-wrp\">\n\t\t\t\t\t\t<div>\n\t\t\t\t\t\t\t\t\t\t\t\t\t\t<img data-recalc-dims=\"1\" decoding=\"async\" class=\"yotu-video-thumb\" src=\"https:\/\/i0.wp.com\/i.ytimg.com\/vi\/KrB2jryeFX0\/sddefault.jpg?w=800&#038;ssl=1\" alt=\"11 | Juan Luna | \u00bfA qui\u00e9n serviremos? | Reuni\u00f3n para j\u00f3venes 01\/07\/2023\" \/>\n\t\t\t\t\t\t\t\t\t\t\t\t\t<\/div>\n\t\t\t\t\t<\/div>\n\t\t\t\t\t\t\t\t\t\t\t<h3 class=\"yotu-video-title\">11 | Juan Luna | \u00bfA qui\u00e9n serviremos? | Reuni\u00f3n para j\u00f3venes 01\/07\/2023<\/h3>\n\t\t\t\t\t\t\t\t\t\t\t\t\t\t\t\t\t\t\t<\/a>\n\t\t\t\t\t\t\t<\/li>\n\t\t\t\t\n\t\t\t\t\t\t<li class=\"\">\n\t\t\t\t\t\t\t\t<a href=\"#5xdrF5A3oyQ\" class=\"yotu-video\" data-videoid=\"5xdrF5A3oyQ\" data-title=\"12 | Juan Luna | Imitando a Jes\u00fas | Reuni\u00f3n para j\u00f3venes 02\/04\/2023\">\n\t\t\t\t\t<div class=\"yotu-video-thumb-wrp\">\n\t\t\t\t\t\t<div>\n\t\t\t\t\t\t\t\t\t\t\t\t\t\t<img data-recalc-dims=\"1\" decoding=\"async\" class=\"yotu-video-thumb\" src=\"https:\/\/i0.wp.com\/i.ytimg.com\/vi\/5xdrF5A3oyQ\/sddefault.jpg?w=800&#038;ssl=1\" alt=\"12 | Juan Luna | Imitando a Jes\u00fas | Reuni\u00f3n para j\u00f3venes 02\/04\/2023\" \/>\n\t\t\t\t\t\t\t\t\t\t\t\t\t<\/div>\n\t\t\t\t\t<\/div>\n\t\t\t\t\t\t\t\t\t\t\t<h3 class=\"yotu-video-title\">12 | Juan Luna | Imitando a Jes\u00fas | Reuni\u00f3n para j\u00f3venes 02\/04\/2023<\/h3>\n\t\t\t\t\t\t\t\t\t\t\t\t\t\t\t\t\t\t\t<\/a>\n\t\t\t\t\t\t\t<\/li>\n\t\t\t\t\n\t\t\t\t\t\t<li class=\"\">\n\t\t\t\t\t\t\t\t<a href=\"#QrLOTZFr3G4\" class=\"yotu-video\" data-videoid=\"QrLOTZFr3G4\" data-title=\"13 | Juan Luna | La decisi\u00f3n de crecer | Reuni\u00f3n para j\u00f3venes | 03\/04\/23\">\n\t\t\t\t\t<div class=\"yotu-video-thumb-wrp\">\n\t\t\t\t\t\t<div>\n\t\t\t\t\t\t\t\t\t\t\t\t\t\t<img data-recalc-dims=\"1\" decoding=\"async\" class=\"yotu-video-thumb\" src=\"https:\/\/i0.wp.com\/i.ytimg.com\/vi\/QrLOTZFr3G4\/sddefault.jpg?w=800&#038;ssl=1\" alt=\"13 | Juan Luna | La decisi\u00f3n de crecer | Reuni\u00f3n para j\u00f3venes | 03\/04\/23\" \/>\n\t\t\t\t\t\t\t\t\t\t\t\t\t<\/div>\n\t\t\t\t\t<\/div>\n\t\t\t\t\t\t\t\t\t\t\t<h3 class=\"yotu-video-title\">13 | Juan Luna | La decisi\u00f3n de crecer | Reuni\u00f3n para j\u00f3venes | 03\/04\/23<\/h3>\n\t\t\t\t\t\t\t\t\t\t\t\t\t\t\t\t\t\t\t<\/a>\n\t\t\t\t\t\t\t<\/li>\n\t\t\t\t\n\t\t\t\t\t\t<li class=\"\">\n\t\t\t\t\t\t\t\t<a href=\"#dJ_rhKZxTro\" class=\"yotu-video\" data-videoid=\"dJ_rhKZxTro\" data-title=\"14 | Juan Luna | Renovando la mente | Reuni\u00f3n para j\u00f3venes | 04\/01\/23\">\n\t\t\t\t\t<div class=\"yotu-video-thumb-wrp\">\n\t\t\t\t\t\t<div>\n\t\t\t\t\t\t\t\t\t\t\t\t\t\t<img data-recalc-dims=\"1\" decoding=\"async\" class=\"yotu-video-thumb\" src=\"https:\/\/i0.wp.com\/i.ytimg.com\/vi\/dJ_rhKZxTro\/sddefault.jpg?w=800&#038;ssl=1\" alt=\"14 | Juan Luna | Renovando la mente | Reuni\u00f3n para j\u00f3venes | 04\/01\/23\" \/>\n\t\t\t\t\t\t\t\t\t\t\t\t\t<\/div>\n\t\t\t\t\t<\/div>\n\t\t\t\t\t\t\t\t\t\t\t<h3 class=\"yotu-video-title\">14 | Juan Luna | Renovando la mente | Reuni\u00f3n para j\u00f3venes | 04\/01\/23<\/h3>\n\t\t\t\t\t\t\t\t\t\t\t\t\t\t\t\t\t\t\t<\/a>\n\t\t\t\t\t\t\t<\/li>\n\t\t\t\t\n\t\t\t\t\t\t<li class=\"\">\n\t\t\t\t\t\t\t\t<a href=\"#MU1WBPUFPPs\" class=\"yotu-video\" data-videoid=\"MU1WBPUFPPs\" data-title=\"15 | Juan Luna | Esperando en Dios | Reuni\u00f3n para j\u00f3venes | 05\/06\/23\">\n\t\t\t\t\t<div class=\"yotu-video-thumb-wrp\">\n\t\t\t\t\t\t<div>\n\t\t\t\t\t\t\t\t\t\t\t\t\t\t<img data-recalc-dims=\"1\" decoding=\"async\" class=\"yotu-video-thumb\" src=\"https:\/\/i0.wp.com\/i.ytimg.com\/vi\/MU1WBPUFPPs\/sddefault.jpg?w=800&#038;ssl=1\" alt=\"15 | Juan Luna | Esperando en Dios | Reuni\u00f3n para j\u00f3venes | 05\/06\/23\" \/>\n\t\t\t\t\t\t\t\t\t\t\t\t\t<\/div>\n\t\t\t\t\t<\/div>\n\t\t\t\t\t\t\t\t\t\t\t<h3 class=\"yotu-video-title\">15 | Juan Luna | Esperando en Dios | Reuni\u00f3n para j\u00f3venes | 05\/06\/23<\/h3>\n\t\t\t\t\t\t\t\t\t\t\t\t\t\t\t\t\t\t\t<\/a>\n\t\t\t\t\t\t\t<\/li>\n\t\t\t\t\n\t\t\t\t\t\t<li class=\"\">\n\t\t\t\t\t\t\t\t<a href=\"#iPEbtBp6zx0\" class=\"yotu-video\" data-videoid=\"iPEbtBp6zx0\" data-title=\"16 | Juan Luna | Toma tu cruz y s\u00edgueme | Reuni\u00f3n para j\u00f3venes | 7\/1\/2023\">\n\t\t\t\t\t<div class=\"yotu-video-thumb-wrp\">\n\t\t\t\t\t\t<div>\n\t\t\t\t\t\t\t\t\t\t\t\t\t\t<img data-recalc-dims=\"1\" decoding=\"async\" class=\"yotu-video-thumb\" src=\"https:\/\/i0.wp.com\/i.ytimg.com\/vi\/iPEbtBp6zx0\/sddefault.jpg?w=800&#038;ssl=1\" alt=\"16 | Juan Luna | Toma tu cruz y s\u00edgueme | Reuni\u00f3n para j\u00f3venes | 7\/1\/2023\" \/>\n\t\t\t\t\t\t\t\t\t\t\t\t\t<\/div>\n\t\t\t\t\t<\/div>\n\t\t\t\t\t\t\t\t\t\t\t<h3 class=\"yotu-video-title\">16 | Juan Luna | Toma tu cruz y s\u00edgueme | Reuni\u00f3n para j\u00f3venes | 7\/1\/2023<\/h3>\n\t\t\t\t\t\t\t\t\t\t\t\t\t\t\t\t\t\t\t<\/a>\n\t\t\t\t\t\t\t<\/li>\n\t\t\t\t\n\t\t\t\t<\/ul>\n<\/div><div class=\"yotu-pagination yotu-hide yotu-pager_layout-default yotu-pagination-bottom\">\n<a href=\"#\" class=\"yotu-pagination-prev yotu-button-prs yotu-button-prs-1\" data-page=\"prev\">Prev<\/a>\n<span class=\"yotu-pagination-current\">1<\/span> <span>of<\/span> <span class=\"yotu-pagination-total\">1<\/span>\n<a href=\"#\" class=\"yotu-pagination-next yotu-button-prs yotu-button-prs-1\" data-page=\"next\">Next<\/a>\n<\/div>\n\t\t\t\t<\/div>\n\t\t\t<\/div>\n\t\t\t<\/div>\n<\/div>\n<\/div>\n<\/div>\n<\/div>\n<\/section>\n<section id=\"_wCtPHG74ZWfG\" class=\"brz-section brz-css-1smrauw\">\n<div class=\"brz-section__content brz-section--boxed brz-css-dtfypu brz-css-11y4xoj\" data-brz-custom-id=\"lEx9vKO6UL63\">\n<div class=\"brz-bg\">\n<div class=\"brz-bg-color\"><\/div>\n<\/div>\n<div class=\"brz-container brz-css-u8chxi\">\n<div class=\"brz-row__container brz-css-qvbl84 brz-css-4601e3\" data-brz-custom-id=\"eZegIw0gtU9o\">\n<div class=\"brz-bg\"><\/div>\n<div class=\"brz-row brz-css-14i5rtv brz-css-1yply27\">\n<div class=\"brz-columns brz-css-u4j689 brz-css-12li6vf\" data-brz-custom-id=\"ehP6pa3QoB0F\">\n<div class=\"brz-bg\"><\/div>\n<div class=\"brz-column__items brz-css-1qd2q7l brz-css-v22s7o\">\n<div id=\"\" class=\"brz-css-ztrhz0 brz-css-1xz3nfg brz-wrapper\">\n<div class=\"brz-rich-text brz-rich-text__custom brz-css-1ezu2qs\" data-brz-custom-id=\"xERzFApeXqfU\">\n<div data-brz-translate-text=\"1\">\n<p class=\"brz-tp-lg-paragraph brz-tp-sm-paragraph brz-text-lg-left brz-text-xs-center brz-tp-xs-paragraph brz-css-rVlDa\" data-generated-css=\"brz-css-tcdcw\" data-uniq-id=\"oqbtr\"><span class=\"brz-cp-color8\">Casa de Oraci\u00f3n Houston<\/span><\/p>\n<\/div>\n<\/div>\n<\/div>\n<\/div>\n<\/div>\n<div class=\"brz-columns brz-css-u4j689\" data-brz-custom-id=\"ro5654CavNW3\">\n<div class=\"brz-bg\"><\/div>\n<div class=\"brz-column__items brz-css-1qd2q7l brz-css-1ax2fzu\">\n<div class=\"brz-wrapper-clone brz-css-mpian9 brz-css-1kmzu5z\">\n<div class=\"brz-d-xs-flex brz-flex-xs-wrap brz-css-6gv8dh brz-css-1lj6r2\" data-brz-custom-id=\"\">\n<div class=\"brz-wrapper-clone__item\" id=\"ottVB1xsBkQU\">\n<div class=\"brz-icon__container\" data-brz-custom-id=\"ottVB1xsBkQU\"><a class=\"brz-a\" href=\"https:\/\/soundcloud.com\/casadeoracionhoustontexas\" target=\"_self\" rel=\"noopener\" data-brz-link-type=\"external\"><span class=\"brz-icon brz-span brz-css-11dde1e brz-css-1knpj6c\"><\/span><\/a><\/div>\n<\/div>\n<div class=\"brz-wrapper-clone__item\" id=\"fxda8CZk5Rmv\">\n<div class=\"brz-icon__container\" data-brz-custom-id=\"fxda8CZk5Rmv\"><a class=\"brz-a\" href=\"https:\/\/www.facebook.com\/casadeoracionhoustontx\" target=\"_self\" rel=\"noopener\" data-brz-link-type=\"external\"><span class=\"brz-icon brz-span brz-css-11dde1e brz-css-19n9nzh\"><\/span><\/a><\/div>\n<\/div>\n<div class=\"brz-wrapper-clone__item\" id=\"c8pTwFzFSvrM\">\n<div class=\"brz-icon__container\" data-brz-custom-id=\"c8pTwFzFSvrM\"><a class=\"brz-a\" href=\"https:\/\/www.youtube.com\/@casadeoracionhoustontx-ofi656\" target=\"_self\" rel=\"noopener\" data-brz-link-type=\"external\"><span class=\"brz-icon brz-span brz-css-11dde1e brz-css-76cwa0\"><\/span><\/a><\/div>\n<\/div>\n<\/div>\n<\/div>\n<\/div>\n<\/div>\n<\/div>\n<\/div>\n<\/div>\n<\/div>\n<\/section>\n<\/div>\n<p>    <!-- version:1737119416 --><\/p>\n","protected":false},"excerpt":{"rendered":"<p>Home Declaraci\u00f3n de Fe Series Series en Audio Contacto Ser miembro Casa de Oraci\u00f3n Houston<\/p>\n","protected":false},"author":1,"featured_media":0,"parent":0,"menu_order":0,"comment_status":"closed","ping_status":"closed","template":"brizy-blank-template.php","meta":{"footnotes":""},"class_list":["post-1437","page","type-page","status-publish","hentry"],"aioseo_notices":[],"jetpack_sharing_enabled":true,"brizy_media":[],"_links":{"self":[{"href":"https:\/\/casadeoracionhouston.com\/index.php\/wp-json\/wp\/v2\/pages\/1437","targetHints":{"allow":["GET"]}}],"collection":[{"href":"https:\/\/casadeoracionhouston.com\/index.php\/wp-json\/wp\/v2\/pages"}],"about":[{"href":"https:\/\/casadeoracionhouston.com\/index.php\/wp-json\/wp\/v2\/types\/page"}],"author":[{"embeddable":true,"href":"https:\/\/casadeoracionhouston.com\/index.php\/wp-json\/wp\/v2\/users\/1"}],"replies":[{"embeddable":true,"href":"https:\/\/casadeoracionhouston.com\/index.php\/wp-json\/wp\/v2\/comments?post=1437"}],"version-history":[{"count":5,"href":"https:\/\/casadeoracionhouston.com\/index.php\/wp-json\/wp\/v2\/pages\/1437\/revisions"}],"predecessor-version":[{"id":1454,"href":"https:\/\/casadeoracionhouston.com\/index.php\/wp-json\/wp\/v2\/pages\/1437\/revisions\/1454"}],"wp:attachment":[{"href":"https:\/\/casadeoracionhouston.com\/index.php\/wp-json\/wp\/v2\/media?parent=1437"}],"curies":[{"name":"wp","href":"https:\/\/api.w.org\/{rel}","templated":true}]}}